{"id":1126,"date":"2026-03-19T09:53:15","date_gmt":"2026-03-19T08:53:15","guid":{"rendered":"http:\/\/hurralab.net\/universoaverroes\/?page_id=1126"},"modified":"2026-03-19T10:34:00","modified_gmt":"2026-03-19T09:34:00","slug":"el-viaje-del-saber-averroes-un-antes-y-un-despues-en-la-historia-intelectual-de-la-humanidad","status":"publish","type":"page","link":"https:\/\/hurralab.net\/universoaverroes\/index.php\/el-viaje-del-saber-averroes-un-antes-y-un-despues-en-la-historia-intelectual-de-la-humanidad\/","title":{"rendered":"El viaje del saber: Averroes, un antes y un despu\u00e9s en la historia intelectual de la humanidad"},"content":{"rendered":"<p>[et_pb_section fb_built=\u00bb1&#8243; fullwidth=\u00bbon\u00bb _builder_version=\u00bb4.27.6&#8243; background_color=\u00bb#f3b176&#8243; background_image=\u00bbhttp:\/\/hurralab.net\/universoaverroes\/wp-content\/uploads\/2026\/03\/cabecera-3.png\u00bb background_size=\u00bbcustom\u00bb background_image_width=\u00bb56%\u00bb background_image_height=\u00bb0%\u00bb background_position=\u00bbcenter_right\u00bb background_horizontal_offset=\u00bb0%\u00bb background_blend=\u00bbmultiply\u00bb global_module=\u00bb218&#8243; global_colors_info=\u00bb{}\u00bb][et_pb_fullwidth_header title=\u00bb@ET-DC@eyJkeW5hbWljIjp0cnVlLCJjb250ZW50IjoicG9zdF90aXRsZSIsInNldHRpbmdzIjp7ImJlZm9yZSI6IiIsImFmdGVyIjoiIn19@\u00bb subhead=\u00bbUNIVERSO AVERROES \u00bb content_max_width=\u00bbnone\u00bb _builder_version=\u00bb4.27.6&#8243; _dynamic_attributes=\u00bbtitle\u00bb title_text_color=\u00bb#ffffff\u00bb subhead_font=\u00bb|600|||||||\u00bb subhead_text_color=\u00bb#FFFFFF\u00bb subhead_letter_spacing=\u00bb2px\u00bb background_color=\u00bbrgba(255, 255, 255, 0)\u00bb global_colors_info=\u00bb{}\u00bb button_one_text_size__hover_enabled=\u00bboff\u00bb button_two_text_size__hover_enabled=\u00bboff\u00bb button_one_text_color__hover_enabled=\u00bboff\u00bb button_two_text_color__hover_enabled=\u00bboff\u00bb button_one_border_width__hover_enabled=\u00bboff\u00bb button_two_border_width__hover_enabled=\u00bboff\u00bb button_one_border_color__hover_enabled=\u00bboff\u00bb button_two_border_color__hover_enabled=\u00bboff\u00bb button_one_border_radius__hover_enabled=\u00bboff\u00bb button_two_border_radius__hover_enabled=\u00bboff\u00bb button_one_letter_spacing__hover_enabled=\u00bboff\u00bb button_two_letter_spacing__hover_enabled=\u00bboff\u00bb button_one_bg_color__hover_enabled=\u00bboff\u00bb button_two_bg_color__hover_enabled=\u00bboff\u00bb][\/et_pb_fullwidth_header][\/et_pb_section][et_pb_section fb_built=\u00bb1&#8243; _builder_version=\u00bb4.27.6&#8243; _module_preset=\u00bbdefault\u00bb global_colors_info=\u00bb{}\u00bb][et_pb_row _builder_version=\u00bb4.27.6&#8243; _module_preset=\u00bbdefault\u00bb global_colors_info=\u00bb{}\u00bb][et_pb_column type=\u00bb4_4&#8243; _builder_version=\u00bb4.27.6&#8243; _module_preset=\u00bbdefault\u00bb global_colors_info=\u00bb{}\u00bb][et_pb_image src=\u00bbhttp:\/\/hurralab.net\/universoaverroes\/wp-content\/uploads\/2026\/03\/banner_actividades_3a.webp\u00bb title_text=\u00bbbEl viaje del saber: Averroes, un antes y un despu\u00e9s en la historia de la humanidad\u00bb _builder_version=\u00bb4.27.6&#8243; _module_preset=\u00bbdefault\u00bb hover_enabled=\u00bb0&#8243; global_colors_info=\u00bb{}\u00bb sticky_enabled=\u00bb0&#8243;][\/et_pb_image][\/et_pb_column][\/et_pb_row][\/et_pb_section][et_pb_section fb_built=\u00bb1&#8243; _builder_version=\u00bb4.27.6&#8243; _module_preset=\u00bbdefault\u00bb global_colors_info=\u00bb{}\u00bb][et_pb_row column_structure=\u00bb1_3,2_3&#8243; _builder_version=\u00bb4.27.6&#8243; _module_preset=\u00bbdefault\u00bb global_colors_info=\u00bb{}\u00bb][et_pb_column type=\u00bb1_3&#8243; _builder_version=\u00bb4.27.6&#8243; _module_preset=\u00bbdefault\u00bb global_colors_info=\u00bb{}\u00bb][et_pb_text _builder_version=\u00bb4.27.6&#8243; _module_preset=\u00bbdefault\u00bb text_letter_spacing=\u00bb2px\u00bb custom_margin=\u00bb||12px|||\u00bb animation_style=\u00bbslide\u00bb animation_direction=\u00bbleft\u00bb animation_duration=\u00bb1200ms\u00bb hover_enabled=\u00bb0&#8243; global_colors_info=\u00bb{}\u00bb sticky_enabled=\u00bb0&#8243;]<\/p>\n<p>CICLO DE CONFERENCIAS<\/p>\n<p>[\/et_pb_text][et_pb_divider _builder_version=\u00bb4.27.6&#8243; _module_preset=\u00bbdefault\u00bb custom_margin=\u00bb||0px||false|false\u00bb animation_style=\u00bbslide\u00bb animation_direction=\u00bbleft\u00bb animation_duration=\u00bb1300ms\u00bb global_colors_info=\u00bb{}\u00bb][\/et_pb_divider][et_pb_text _builder_version=\u00bb4.27.6&#8243; _module_preset=\u00bbdefault\u00bb header_3_line_height=\u00bb1.3em\u00bb custom_margin=\u00bb||12px|||\u00bb animation_style=\u00bbslide\u00bb animation_direction=\u00bbleft\u00bb animation_duration=\u00bb1350ms\u00bb hover_enabled=\u00bb0&#8243; global_colors_info=\u00bb{}\u00bb sticky_enabled=\u00bb0&#8243;]<\/p>\n<h3><strong> El viaje del saber: Averroes, un antes y un despu\u00e9s en la historia de la humanidad<br \/>\n<\/strong><\/h3>\n<p>[\/et_pb_text][et_pb_divider _builder_version=\u00bb4.27.6&#8243; _module_preset=\u00bbdefault\u00bb custom_margin=\u00bb||0px||false|false\u00bb animation_style=\u00bbslide\u00bb animation_direction=\u00bbleft\u00bb animation_duration=\u00bb1400ms\u00bb global_colors_info=\u00bb{}\u00bb][\/et_pb_divider][et_pb_text _builder_version=\u00bb4.27.6&#8243; _module_preset=\u00bbdefault\u00bb custom_margin=\u00bb||12px|||\u00bb animation_style=\u00bbslide\u00bb animation_direction=\u00bbleft\u00bb animation_duration=\u00bb1450ms\u00bb hover_enabled=\u00bb0&#8243; global_colors_info=\u00bb{}\u00bb sticky_enabled=\u00bb0&#8243;]<\/p>\n<p>30 de septiembre &#8211; 9 de diciembre de 2026<\/p>\n<p>[\/et_pb_text][et_pb_divider _builder_version=\u00bb4.27.6&#8243; _module_preset=\u00bbdefault\u00bb custom_margin=\u00bb||0px||false|false\u00bb animation_style=\u00bbslide\u00bb animation_direction=\u00bbleft\u00bb animation_duration=\u00bb1500ms\u00bb global_colors_info=\u00bb{}\u00bb][\/et_pb_divider][et_pb_text _builder_version=\u00bb4.27.6&#8243; _module_preset=\u00bbdefault\u00bb custom_margin=\u00bb||12px|||\u00bb animation_style=\u00bbslide\u00bb animation_direction=\u00bbleft\u00bb animation_duration=\u00bb1550ms\u00bb hover_enabled=\u00bb0&#8243; global_colors_info=\u00bb{}\u00bb sticky_enabled=\u00bb0&#8243;]<\/p>\n<p><strong>Rectorado de la Universidad de C\u00f3rdoba<\/strong><\/p>\n<p>[\/et_pb_text][et_pb_text _builder_version=\u00bb4.27.6&#8243; _module_preset=\u00bbdefault\u00bb custom_margin=\u00bb||12px|||\u00bb animation_style=\u00bbslide\u00bb animation_direction=\u00bbleft\u00bb animation_duration=\u00bb1600ms\u00bb hover_enabled=\u00bb0&#8243; global_colors_info=\u00bb{}\u00bb sticky_enabled=\u00bb0&#8243;]<\/p>\n<p>Av. de Medina Azahara, 5, 14071 C\u00f3rdoba<\/p>\n<p>[\/et_pb_text][et_pb_divider _builder_version=\u00bb4.27.6&#8243; _module_preset=\u00bbdefault\u00bb custom_margin=\u00bb||0px||false|false\u00bb animation_style=\u00bbslide\u00bb animation_direction=\u00bbleft\u00bb animation_duration=\u00bb1650ms\u00bb global_colors_info=\u00bb{}\u00bb][\/et_pb_divider][\/et_pb_column][et_pb_column type=\u00bb2_3&#8243; _builder_version=\u00bb4.27.6&#8243; _module_preset=\u00bbdefault\u00bb global_colors_info=\u00bb{}\u00bb][et_pb_text _builder_version=\u00bb4.27.6&#8243; _module_preset=\u00bbdefault\u00bb header_2_font=\u00bb|600|||||||\u00bb header_2_text_color=\u00bb#f3933f\u00bb header_2_font_size=\u00bb27px\u00bb header_3_font=\u00bb||||||||\u00bb header_3_text_color=\u00bb#636363&#8243; header_4_font=\u00bb|600|on||||||\u00bb header_4_font_size=\u00bb20px\u00bb header_5_font=\u00bb|600|||||||\u00bb header_5_font_size=\u00bb22px\u00bb header_6_font_size=\u00bb22px\u00bb animation_style=\u00bbslide\u00bb animation_direction=\u00bbright\u00bb animation_duration=\u00bb1850ms\u00bb hover_enabled=\u00bb0&#8243; global_colors_info=\u00bb{}\u00bb sticky_enabled=\u00bb0&#8243; header_4_line_height=\u00bb1.2em\u00bb header_3_line_height=\u00bb1.3em\u00bb]<\/p>\n<h2>30 septiembre<\/h2>\n<p>&nbsp;<\/p>\n<h3>Sonsoles Costero-Quiroga (Universidad Complutense, Madrid)<\/h3>\n<h4><em>Rastreando la filosof\u00eda anterior a Averroes: huellas neoplat\u00f3nicas<\/em><\/h4>\n<hr style=\"border: 0; border-top: 2px solid #ccc; margin: 20px 0;\" \/>\n<h2>7 octubre<\/h2>\n<p>&nbsp;<\/p>\n<h3>Juan Pedro Monferrer Sala (Universidad de C\u00f3rdoba)<\/h3>\n<h4><em>Del saber de los antiguos al conocimiento de los modernos:<br \/>\nla mediaci\u00f3n de los traductores al mundo \u00e1rabe<\/em><\/h4>\n<hr style=\"border: 0; border-top: 2px solid #ccc; margin: 20px 0;\" \/>\n<h2>14 octubre<\/h2>\n<p>&nbsp;<\/p>\n<h3>Francisco Vidal Castro (Universidad de Ja\u00e9n)<\/h3>\n<h4><em>Averroes jurista: el racionalismo en el derecho, la \u00e9tica en la justicia<\/em><\/h4>\n<hr style=\"border: 0; border-top: 2px solid #ccc; margin: 20px 0;\" \/>\n<h2>21 octubre<\/h2>\n<p>&nbsp;<\/p>\n<h3>Lola Ferre (Universidad de Granada)<\/h3>\n<h4><em>Averroes m\u00e9dico en la Europa cristiana y jud\u00eda<\/em><\/h4>\n<hr style=\"border: 0; border-top: 2px solid #ccc; margin: 20px 0;\" \/>\n<h2>28 octubre<\/h2>\n<p>&nbsp;<\/p>\n<h3>Mariano G\u00f3mez Aranda (Consejo Superior de Investigaciones Cient\u00edficas, Madrid)<\/h3>\n<h4><em>Transmisi\u00f3n de las obras cient\u00edficas de Averroes en autores jud\u00edos<\/em><\/h4>\n<hr style=\"border: 0; border-top: 2px solid #ccc; margin: 20px 0;\" \/>\n<h2>4 noviembre<\/h2>\n<p>&nbsp;<\/p>\n<h3>Rafael Ram\u00f3n Guerrero (Universidad Complutense, Madrid)<\/h3>\n<h4><em>Averroes, fil\u00f3sofo y comentador<\/em><\/h4>\n<hr style=\"border: 0; border-top: 2px solid #ccc; margin: 20px 0;\" \/>\n<h2>11 noviembre<\/h2>\n<p>&nbsp;<\/p>\n<h3>Pedro Mantas Espa\u00f1a (Universidad de C\u00f3rdoba)<\/h3>\n<h4><em>El averro\u00edsmo latino (XIII-XIV)<\/em><\/h4>\n<hr style=\"border: 0; border-top: 2px solid #ccc; margin: 20px 0;\" \/>\n<h2>18 noviembre<\/h2>\n<p>&nbsp;<\/p>\n<h3>Jos\u00e9 Meirinhos (Universidad de Oporto)<\/h3>\n<h4><em>Averroes y los or\u00edgenes medievales de la raz\u00f3n moderna<\/em><\/h4>\n<hr style=\"border: 0; border-top: 2px solid #ccc; margin: 20px 0;\" \/>\n<h2>25 noviembre<\/h2>\n<p>&nbsp;<\/p>\n<h3>Luca Burzelli (Universidad Pompeu Fabra)<\/h3>\n<h4><em>Humanos sin alma. El averro\u00edsmo como herej\u00eda en el Renacimiento<\/em><\/h4>\n<hr style=\"border: 0; border-top: 2px solid #ccc; margin: 20px 0;\" \/>\n<h2>9 diciembre<\/h2>\n<p>&nbsp;<\/p>\n<h4>Mesa redonda: <em>\u00abAverroes, un antes y un despu\u00e9s\u00bb<\/em><\/h4>\n<p>Moderador: Ram\u00f3n Rom\u00e1n Alcal\u00e1 (Universidad de C\u00f3rdoba)<\/p>\n<p><strong>Participan:<\/strong><\/p>\n<h3>Jes\u00fas de Garay Su\u00e1rez-Llanos (Universidad de Sevilla)<br \/>\nSerena Masolini (Universidad de C\u00f3rdoba)<br \/>\nJosep Puig Montada (Universidad Complutense, Madrid)<\/h3>\n<hr style=\"border: 0; border-top: 2px solid #ccc; margin: 20px 0;\" \/>[\/et_pb_text][\/et_pb_column][\/et_pb_row][\/et_pb_section]<\/p>\n","protected":false},"excerpt":{"rendered":"<p>CICLO DE CONFERENCIAS El viaje del saber: Averroes, un antes y un despu\u00e9s en la historia de la humanidad 30 de septiembre &#8211; 9 de diciembre de 2026Rectorado de la Universidad de C\u00f3rdobaAv. de Medina Azahara, 5, 14071 C\u00f3rdoba30 septiembre &nbsp; Sonsoles Costero-Quiroga (Universidad Complutense, Madrid) Rastreando la filosof\u00eda anterior a Averroes: huellas neoplat\u00f3nicas 7 [&hellip;]<\/p>\n","protected":false},"author":1,"featured_media":0,"parent":0,"menu_order":0,"comment_status":"closed","ping_status":"closed","template":"","meta":{"_et_pb_use_builder":"on","_et_pb_old_content":"","_et_gb_content_width":"","footnotes":""},"class_list":["post-1126","page","type-page","status-publish","hentry"],"_links":{"self":[{"href":"https:\/\/hurralab.net\/universoaverroes\/index.php\/wp-json\/wp\/v2\/pages\/1126","targetHints":{"allow":["GET"]}}],"collection":[{"href":"https:\/\/hurralab.net\/universoaverroes\/index.php\/wp-json\/wp\/v2\/pages"}],"about":[{"href":"https:\/\/hurralab.net\/universoaverroes\/index.php\/wp-json\/wp\/v2\/types\/page"}],"author":[{"embeddable":true,"href":"https:\/\/hurralab.net\/universoaverroes\/index.php\/wp-json\/wp\/v2\/users\/1"}],"replies":[{"embeddable":true,"href":"https:\/\/hurralab.net\/universoaverroes\/index.php\/wp-json\/wp\/v2\/comments?post=1126"}],"version-history":[{"count":7,"href":"https:\/\/hurralab.net\/universoaverroes\/index.php\/wp-json\/wp\/v2\/pages\/1126\/revisions"}],"predecessor-version":[{"id":1139,"href":"https:\/\/hurralab.net\/universoaverroes\/index.php\/wp-json\/wp\/v2\/pages\/1126\/revisions\/1139"}],"wp:attachment":[{"href":"https:\/\/hurralab.net\/universoaverroes\/index.php\/wp-json\/wp\/v2\/media?parent=1126"}],"curies":[{"name":"wp","href":"https:\/\/api.w.org\/{rel}","templated":true}]}}